{"id":3559,"date":"2022-05-05T22:46:22","date_gmt":"2022-05-05T22:46:22","guid":{"rendered":"http:\/\/prwestglobal.com\/?page_id=3559"},"modified":"2024-06-15T20:47:43","modified_gmt":"2024-06-15T20:47:43","slug":"egitimlerimiz","status":"publish","type":"page","link":"http:\/\/www.prwestglobal.com\/index.php\/uzmanliklarimiz\/egitimlerimiz\/","title":{"rendered":"E\u011fitimlerimiz"},"content":{"rendered":"[vc_row type=&#8221;full_width_background&#8221; full_screen_row_position=&#8221;middle&#8221; column_margin=&#8221;default&#8221; column_direction=&#8221;default&#8221; column_direction_tablet=&#8221;default&#8221; column_direction_phone=&#8221;default&#8221; scene_position=&#8221;center&#8221; top_padding=&#8221;14%&#8221; constrain_group_1=&#8221;yes&#8221; bottom_padding=&#8221;14%&#8221; top_padding_tablet=&#8221;20%&#8221; constrain_group_3=&#8221;yes&#8221; bottom_padding_tablet=&#8221;20%&#8221; text_color=&#8221;dark&#8221; text_align=&#8221;left&#8221; row_border_radius=&#8221;none&#8221; row_border_radius_applies=&#8221;bg&#8221; overflow=&#8221;visible&#8221; id=&#8221;more-features&#8221; overlay_strength=&#8221;0.3&#8243; gradient_direction=&#8221;left_to_right&#8221; shape_divider_position=&#8221;bottom&#8221; bg_image_animation=&#8221;none&#8221; shape_type=&#8221;&#8221;][vc_column column_padding=&#8221;no-extra-padding&#8221; column_padding_tablet=&#8221;inherit&#8221; column_padding_phone=&#8221;inherit&#8221; column_padding_position=&#8221;all&#8221; column_element_spacing=&#8221;default&#8221; background_color_opacity=&#8221;1&#8243; background_hover_color_opacity=&#8221;1&#8243; column_shadow=&#8221;none&#8221; column_border_radius=&#8221;none&#8221; column_link_target=&#8221;_self&#8221; column_position=&#8221;default&#8221; gradient_direction=&#8221;left_to_right&#8221; overlay_strength=&#8221;0.3&#8243; width=&#8221;1\/1&#8243; tablet_width_inherit=&#8221;default&#8221; tablet_text_alignment=&#8221;default&#8221; phone_text_alignment=&#8221;default&#8221; animation_type=&#8221;default&#8221; bg_image_animation=&#8221;none&#8221; border_type=&#8221;simple&#8221; column_border_width=&#8221;none&#8221; column_border_style=&#8221;solid&#8221;][vc_row_inner column_margin=&#8221;default&#8221; column_direction=&#8221;default&#8221; column_direction_tablet=&#8221;default&#8221; column_direction_phone=&#8221;default&#8221; bottom_padding=&#8221;15&#8243; text_align=&#8221;left&#8221; row_position=&#8221;default&#8221; row_position_tablet=&#8221;inherit&#8221; row_position_phone=&#8221;inherit&#8221; overflow=&#8221;visible&#8221; pointer_events=&#8221;all&#8221;][vc_column_inner column_padding=&#8221;padding-4-percent&#8221; column_padding_tablet=&#8221;padding-13-percent&#8221; column_padding_phone=&#8221;padding-4-percent&#8221; column_padding_position=&#8221;right&#8221; column_element_spacing=&#8221;default&#8221; background_color_opacity=&#8221;1&#8243; background_hover_color_opacity=&#8221;1&#8243; column_shadow=&#8221;none&#8221; column_border_radius=&#8221;none&#8221; column_link_target=&#8221;_self&#8221; gradient_direction=&#8221;left_to_right&#8221; overlay_strength=&#8221;0.3&#8243; width=&#8221;1\/2&#8243; tablet_width_inherit=&#8221;default&#8221; animation_type=&#8221;default&#8221; enable_animation=&#8221;true&#8221; animation=&#8221;fade-in-from-bottom&#8221; bg_image_animation=&#8221;none&#8221; border_type=&#8221;simple&#8221; column_border_width=&#8221;none&#8221; column_border_style=&#8221;solid&#8221;][vc_column_text css_animation=&#8221;none&#8221; css=&#8221;.vc_custom_1651791262396{margin-bottom: 20px !important;}&#8221; max_width=&#8221;500&#8243;]\n<h2>Kurumsal E\u011fitim Kurgular\u0131m\u0131z ile zaman\u0131n \u00f6tesinde \u00e7\u00f6z\u00fcmler \u00fcretiyoruz.<\/h2>\n[\/vc_column_text][\/vc_column_inner][vc_column_inner column_padding=&#8221;no-extra-padding&#8221; column_padding_tablet=&#8221;inherit&#8221; column_padding_phone=&#8221;inherit&#8221; column_padding_position=&#8221;all&#8221; column_element_spacing=&#8221;default&#8221; background_color_opacity=&#8221;1&#8243; background_hover_color_opacity=&#8221;1&#8243; column_shadow=&#8221;none&#8221; column_border_radius=&#8221;none&#8221; column_link_target=&#8221;_self&#8221; gradient_direction=&#8221;left_to_right&#8221; overlay_strength=&#8221;0.3&#8243; width=&#8221;1\/2&#8243; tablet_width_inherit=&#8221;default&#8221; animation_type=&#8221;default&#8221; enable_animation=&#8221;true&#8221; animation=&#8221;fade-in-from-bottom&#8221; bg_image_animation=&#8221;none&#8221; border_type=&#8221;simple&#8221; column_border_width=&#8221;none&#8221; column_border_style=&#8221;solid&#8221; delay=&#8221;100&#8243;][nectar_single_testimonial testimonial_style=&#8221;basic&#8221; image=&#8221;3357&#8243; add_image_shadow=&#8221;true&#8221; quote=&#8221;Kurumsal \u00fcniversiteden, oyunla\u015ft\u0131r\u0131lm\u0131\u015f e\u011fitim programlar\u0131na kadar her alanda ba\u015far\u0131l\u0131 sonu\u00e7lar\u0131 yakalamak, do\u011fru i\u015f ortakl\u0131\u011f\u0131n\u0131n g\u00f6stergesi.&#8221; name=&#8221;Alper BURSALI&#8221; subtitle=&#8221;Bursal\u0131 Grubu CEO&#8221;][nectar_cta btn_style=&#8221;arrow-animation&#8221; heading_tag=&#8221;span&#8221; text_color=&#8221;#000000&#8243; button_color=&#8221;default&#8221; button_border_thickness=&#8221;0px&#8221; link_type=&#8221;regular&#8221; alignment=&#8221;left&#8221; alignment_tablet=&#8221;default&#8221; alignment_phone=&#8221;default&#8221; constrain_group_3=&#8221;yes&#8221; display=&#8221;block&#8221; display_tablet=&#8221;inherit&#8221; display_phone=&#8221;inherit&#8221; url=&#8221;#&#8221; padding_top=&#8221;20&#8243; padding_bottom=&#8221;20&#8243; margin_top=&#8221;40&#8243;][\/vc_column_inner][\/vc_row_inner][carousel script=&#8221;flickity&#8221; flickity_formatting=&#8221;default&#8221; desktop_cols_flickity=&#8221;3&#8243; desktop_small_cols_flickity=&#8221;3&#8243; tablet_cols_flickity=&#8221;2&#8243; flickity_controls=&#8221;touch_total&#8221; flickity_touch_total_style=&#8221;default&#8221; flickity_touch_total_hide_indicator=&#8221;true&#8221; flickity_touch_total_icon_color=&#8221;default&#8221; color=&#8221;default&#8221; flickity_overflow=&#8221;visible&#8221; flickity_wrap_around=&#8221;no-wrap&#8221; flickity_spacing=&#8221;20px&#8221; flickity_column_vertical_alignment=&#8221;default&#8221; column_padding=&#8221;0&#8243; flickity_element_spacing=&#8221;default&#8221; flickity_image_scale_on_drag=&#8221;true&#8221; border_radius=&#8221;none&#8221; touch_total_hide_indicator=&#8221;true&#8221;][item simple_slider_bg_image_position=&#8221;default&#8221; simple_slider_overlay_strength=&#8221;0.3&#8243; simple_slider_bg_image_loading=&#8221;default&#8221; id=&#8221;1651791876450-1&#8243; title=&#8221;Item&#8221; tab_id=&#8221;1651791876451-0&#8243;][fancy_box box_style=&#8221;color_box_hover&#8221; icon_family=&#8221;iconsmind&#8221; image_url=&#8221;https:\/\/source.unsplash.com\/600&#215;600\/daily\/?fun&#8221; color=&#8221;accent-color&#8221; color_custom=&#8221;#000000&#8243; color_box_hover_overlay_opacity=&#8221;0.5&#8243; box_alignment=&#8221;left&#8221; enable_border=&#8221;true&#8221; border_radius=&#8221;default&#8221; image_loading=&#8221;lazy-load&#8221; color_scheme=&#8221;dark&#8221; secondary_content=&#8221;here&#8217;s some awesome text that would only be shown on hover&#8221; icon_iconsmind=&#8221;iconsmind-Edit&#8221; min_height=&#8221;300&#8243; min_height_tablet=&#8221;275&#8243; min_height_phone=&#8221;255&#8243;]\n<h3>Liderlik E\u011fitimleri<\/h3>\n<ul>\n<li>Liderlik At\u00f6lyesi<\/li>\n<li><i class=\"icon-default-style icon-salient-thin-line accent-color\"><\/i>21. YY Liderlik Modeli<\/li>\n<li><i class=\"icon-default-style icon-salient-thin-line accent-color\"><\/i>Lider : Yaln\u0131z Kahraman m\u0131d\u0131r?<\/li>\n<li><i class=\"icon-default-style icon-salient-thin-line accent-color\"><\/i>Coaching (Uygulamal\u0131 Dan\u0131\u015fmanl\u0131k)<\/li>\n<li><i class=\"icon-default-style icon-salient-thin-line accent-color\"><\/i>Mentorluk<\/li>\n<\/ul>\n[\/fancy_box][\/item][item simple_slider_bg_image_position=&#8221;default&#8221; simple_slider_overlay_strength=&#8221;0.3&#8243; simple_slider_bg_image_loading=&#8221;default&#8221; id=&#8221;1651791876490-8&#8243; title=&#8221;Item&#8221; tab_id=&#8221;1651791876490-4&#8243;][fancy_box box_style=&#8221;color_box_hover&#8221; icon_family=&#8221;iconsmind&#8221; image_url=&#8221;https:\/\/source.unsplash.com\/600&#215;600\/daily\/?nature&#8221; color=&#8221;accent-color&#8221; color_custom=&#8221;#000000&#8243; color_box_hover_overlay_opacity=&#8221;0.5&#8243; box_alignment=&#8221;left&#8221; enable_border=&#8221;true&#8221; border_radius=&#8221;default&#8221; image_loading=&#8221;lazy-load&#8221; enable_animation=&#8221;true&#8221; animation=&#8221;none&#8221; color_scheme=&#8221;dark&#8221; secondary_content=&#8221;here&#8217;s some awesome text that would only be shown on hover&#8221; icon_iconsmind=&#8221;iconsmind-Duplicate-Layer&#8221; min_height=&#8221;300&#8243; min_height_tablet=&#8221;275&#8243; min_height_phone=&#8221;255&#8243;]\n<h3>S\u00fcrd\u00fcrebilirlik ve Kurumsal Sosyal Sorumluluk<\/h3>\n<ul>\n<li>Gezegenin De\u011feri<\/li>\n<li>S\u00fcrd\u00fcr\u00fclebilir Organizasyonlar<\/li>\n<li>Kurumsal Sosyal Sorumluluk ve \u00d6teki Taraf<\/li>\n<\/ul>\n[\/fancy_box][\/item][item simple_slider_bg_image_position=&#8221;default&#8221; simple_slider_overlay_strength=&#8221;0.3&#8243; simple_slider_bg_image_loading=&#8221;default&#8221; id=&#8221;1651791876505-6&#8243; title=&#8221;Item&#8221; tab_id=&#8221;1651791876506-6&#8243;][fancy_box box_style=&#8221;color_box_hover&#8221; icon_family=&#8221;iconsmind&#8221; image_url=&#8221;https:\/\/source.unsplash.com\/600&#215;600\/daily\/?animal&#8221; color=&#8221;accent-color&#8221; color_custom=&#8221;#000000&#8243; color_box_hover_overlay_opacity=&#8221;0.5&#8243; box_alignment=&#8221;left&#8221; enable_border=&#8221;true&#8221; border_radius=&#8221;default&#8221; image_loading=&#8221;lazy-load&#8221; enable_animation=&#8221;true&#8221; animation=&#8221;none&#8221; color_scheme=&#8221;dark&#8221; secondary_content=&#8221;&#8221; icon_iconsmind=&#8221;iconsmind-Flash&#8221; min_height=&#8221;300&#8243; min_height_tablet=&#8221;275&#8243; min_height_phone=&#8221;255&#8243;]\n<h3><strong>\u0130leti\u015fim E\u011fitimleri<\/strong><\/h3>\n<ul>\n<li>\u0130leti\u015fim At\u00f6lyesi<\/li>\n<li><i class=\"icon-default-style icon-salient-thin-line accent-color\"><\/i>\u0130leti\u015fim nedir ?<\/li>\n<li><i class=\"icon-default-style icon-salient-thin-line accent-color\"><\/i>Alg\u0131 Y\u00f6netimi<\/li>\n<\/ul>\n[\/fancy_box][\/item][item simple_slider_bg_image_position=&#8221;default&#8221; simple_slider_overlay_strength=&#8221;0.3&#8243; simple_slider_bg_image_loading=&#8221;default&#8221; id=&#8221;1651791876524-5&#8243; title=&#8221;Item&#8221; tab_id=&#8221;1651791876524-2&#8243;][fancy_box box_style=&#8221;color_box_hover&#8221; icon_family=&#8221;iconsmind&#8221; image_url=&#8221;https:\/\/source.unsplash.com\/600&#215;600\/daily\/?mountains&#8221; color=&#8221;accent-color&#8221; color_custom=&#8221;#000000&#8243; color_box_hover_overlay_opacity=&#8221;0.5&#8243; box_alignment=&#8221;left&#8221; enable_border=&#8221;true&#8221; border_radius=&#8221;default&#8221; image_loading=&#8221;lazy-load&#8221; color_scheme=&#8221;dark&#8221; secondary_content=&#8221;here&#8217;s some awesome text that would only be shown on hover&#8221; icon_iconsmind=&#8221;iconsmind-Window-2&#8243; min_height=&#8221;300&#8243; min_height_tablet=&#8221;275&#8243; min_height_phone=&#8221;255&#8243;]\n<h3>Medya \u0130li\u015fkileri<\/h3>\n<ul>\n<li>Toplumsal Hitabet<\/li>\n<li>Etkili \u0130leti\u015fim Sanat\u0131<\/li>\n<li>Kamera \u00d6n\u00fcnde Konu\u015fma<\/li>\n<\/ul>\n[\/fancy_box][\/item][item simple_slider_bg_image_position=&#8221;default&#8221; simple_slider_overlay_strength=&#8221;0.3&#8243; simple_slider_bg_image_loading=&#8221;default&#8221; id=&#8221;1651791876542-9&#8243; title=&#8221;Item&#8221; tab_id=&#8221;1651791876543-0&#8243;][fancy_box box_style=&#8221;color_box_hover&#8221; icon_family=&#8221;iconsmind&#8221; image_url=&#8221;https:\/\/source.unsplash.com\/600&#215;600\/daily\/?happy&#8221; color=&#8221;accent-color&#8221; color_custom=&#8221;#000000&#8243; color_box_hover_overlay_opacity=&#8221;0.5&#8243; box_alignment=&#8221;left&#8221; enable_border=&#8221;true&#8221; border_radius=&#8221;default&#8221; image_loading=&#8221;lazy-load&#8221; color_scheme=&#8221;dark&#8221; secondary_content=&#8221;&#8221; icon_iconsmind=&#8221;iconsmind-Monitor-phone&#8221; min_height=&#8221;300&#8243; min_height_tablet=&#8221;275&#8243; min_height_phone=&#8221;255&#8243;]\n<h3>Siyasal \u0130leti\u015fim ve Kampanya Y\u00f6netimi<\/h3>\n<ul>\n<li>Se\u00e7im Kampanyas\u0131n\u0131n Kurgulanmas\u0131<\/li>\n<li>Aday E\u011fitimleri<\/li>\n<li>Aday Ekip E\u011fitimleri<\/li>\n<\/ul>\n[\/fancy_box][\/item][\/carousel][\/vc_column][\/vc_row]\n","protected":false},"excerpt":{"rendered":"<p>[vc_row type=&#8221;full_width_background&#8221; full_screen_row_position=&#8221;middle&#8221; column_margin=&#8221;default&#8221; column_direction=&#8221;default&#8221; column_direction_tablet=&#8221;default&#8221; column_direction_phone=&#8221;default&#8221; scene_position=&#8221;center&#8221; top_padding=&#8221;14%&#8221; constrain_group_1=&#8221;yes&#8221; bottom_padding=&#8221;14%&#8221; top_padding_tablet=&#8221;20%&#8221; constrain_group_3=&#8221;yes&#8221; bottom_padding_tablet=&#8221;20%&#8221; text_color=&#8221;dark&#8221; text_align=&#8221;left&#8221; row_border_radius=&#8221;none&#8221; row_border_radius_applies=&#8221;bg&#8221; overflow=&#8221;visible&#8221; id=&#8221;more-features&#8221; overlay_strength=&#8221;0.3&#8243; gradient_direction=&#8221;left_to_right&#8221; shape_divider_position=&#8221;bottom&#8221; bg_image_animation=&#8221;none&#8221; shape_type=&#8221;&#8221;][vc_column column_padding=&#8221;no-extra-padding&#8221; column_padding_tablet=&#8221;inherit&#8221; column_padding_phone=&#8221;inherit&#8221; column_padding_position=&#8221;all&#8221; column_element_spacing=&#8221;default&#8221;&#8230;<\/p>\n","protected":false},"author":1,"featured_media":0,"parent":2837,"menu_order":0,"comment_status":"closed","ping_status":"closed","template":"","meta":{"footnotes":""},"class_list":["post-3559","page","type-page","status-publish"],"_links":{"self":[{"href":"http:\/\/www.prwestglobal.com\/index.php\/wp-json\/wp\/v2\/pages\/3559","targetHints":{"allow":["GET"]}}],"collection":[{"href":"http:\/\/www.prwestglobal.com\/index.php\/wp-json\/wp\/v2\/pages"}],"about":[{"href":"http:\/\/www.prwestglobal.com\/index.php\/wp-json\/wp\/v2\/types\/page"}],"author":[{"embeddable":true,"href":"http:\/\/www.prwestglobal.com\/index.php\/wp-json\/wp\/v2\/users\/1"}],"replies":[{"embeddable":true,"href":"http:\/\/www.prwestglobal.com\/index.php\/wp-json\/wp\/v2\/comments?post=3559"}],"version-history":[{"count":6,"href":"http:\/\/www.prwestglobal.com\/index.php\/wp-json\/wp\/v2\/pages\/3559\/revisions"}],"predecessor-version":[{"id":3565,"href":"http:\/\/www.prwestglobal.com\/index.php\/wp-json\/wp\/v2\/pages\/3559\/revisions\/3565"}],"up":[{"embeddable":true,"href":"http:\/\/www.prwestglobal.com\/index.php\/wp-json\/wp\/v2\/pages\/2837"}],"wp:attachment":[{"href":"http:\/\/www.prwestglobal.com\/index.php\/wp-json\/wp\/v2\/media?parent=3559"}],"curies":[{"name":"wp","href":"https:\/\/api.w.org\/{rel}","templated":true}]}}